{"id":47,"date":"2019-05-18T02:15:51","date_gmt":"2019-05-18T05:15:51","guid":{"rendered":"https:\/\/protermica.com.br\/?page_id=47"},"modified":"2019-05-18T02:15:51","modified_gmt":"2019-05-18T05:15:51","slug":"fabricacao-de-dutos","status":"publish","type":"page","link":"https:\/\/protermica.com.br\/home\/servicos\/fabricacao-de-dutos\/","title":{"rendered":"Fabrica\u00e7\u00e3o de Dutos"},"content":{"rendered":"<p>Fabrica\u00e7\u00e3o de dutos para climatiza\u00e7\u00e3o, exaust\u00e3o e ventila\u00e7\u00e3o, seguindo crit\u00e9rios e normas t\u00e9cnicas, adequados \u00e0s especifica\u00e7\u00f5es de cada projeto, resultando em agilidade, qualidade, prazo de entrega mais r\u00e1pido e melhor custo-benef\u00edcio.<\/p>\n","protected":false},"excerpt":{"rendered":"<p>Fabrica\u00e7\u00e3o de dutos para climatiza\u00e7\u00e3o, exaust\u00e3o e ventila\u00e7\u00e3o, seguindo crit\u00e9rios e normas t\u00e9cnicas, adequados \u00e0s especifica\u00e7\u00f5es de cada projeto, resultando em agilidade, qualidade, prazo de entrega mais r\u00e1pido e melhor custo-benef\u00edcio.<\/p>\n","protected":false},"author":1,"featured_media":48,"parent":34,"menu_order":0,"comment_status":"closed","ping_status":"closed","template":"","meta":[],"yoast_head":"<!-- This site is optimized with the Yoast SEO plugin v16.1.1 - https:\/\/yoast.com\/wordpress\/plugins\/seo\/ -->\n<title>Fabrica\u00e7\u00e3o de Dutos | Prot\u00e9rmica<\/title>\n<link rel=\"canonical\" href=\"https:\/\/protermica.com.br\/home\/servicos\/fabricacao-de-dutos\/\" \/>\n<meta property=\"og:locale\" content=\"pt_BR\" \/>\n<meta property=\"og:type\" content=\"article\" \/>\n<meta property=\"og:title\" content=\"Fabrica\u00e7\u00e3o de Dutos | Prot\u00e9rmica\" \/>\n<meta property=\"og:description\" content=\"Fabrica\u00e7\u00e3o de dutos para climatiza\u00e7\u00e3o, exaust\u00e3o e ventila\u00e7\u00e3o, seguindo crit\u00e9rios e normas t\u00e9cnicas, adequados \u00e0s especifica\u00e7\u00f5es de cada projeto, resultando em agilidade, qualidade, prazo de entrega mais r\u00e1pido e melhor custo-benef\u00edcio.\" \/>\n<meta property=\"og:url\" content=\"https:\/\/protermica.com.br\/home\/servicos\/fabricacao-de-dutos\/\" \/>\n<meta property=\"og:site_name\" content=\"Prot\u00e9rmica\" \/>\n<meta property=\"og:image\" content=\"https:\/\/protermica.com.br\/wp-content\/uploads\/2019\/05\/fabricacao.jpg\" \/>\n\t<meta property=\"og:image:width\" content=\"805\" \/>\n\t<meta property=\"og:image:height\" content=\"535\" \/>\n<meta name=\"twitter:card\" content=\"summary_large_image\" \/>\n<script type=\"application\/ld+json\" class=\"yoast-schema-graph\">{\"@context\":\"https:\/\/schema.org\",\"@graph\":[{\"@type\":\"WebSite\",\"@id\":\"https:\/\/protermica.com.br\/home\/#website\",\"url\":\"https:\/\/protermica.com.br\/home\/\",\"name\":\"Prot\\u00e9rmica\",\"description\":\"\",\"potentialAction\":[{\"@type\":\"SearchAction\",\"target\":\"https:\/\/protermica.com.br\/home\/?s={search_term_string}\",\"query-input\":\"required name=search_term_string\"}],\"inLanguage\":\"pt-BR\"},{\"@type\":\"ImageObject\",\"@id\":\"https:\/\/protermica.com.br\/home\/servicos\/fabricacao-de-dutos\/#primaryimage\",\"inLanguage\":\"pt-BR\",\"url\":\"https:\/\/protermica.com.br\/wp-content\/uploads\/2019\/05\/fabricacao.jpg\",\"contentUrl\":\"https:\/\/protermica.com.br\/wp-content\/uploads\/2019\/05\/fabricacao.jpg\",\"width\":805,\"height\":535},{\"@type\":\"WebPage\",\"@id\":\"https:\/\/protermica.com.br\/home\/servicos\/fabricacao-de-dutos\/#webpage\",\"url\":\"https:\/\/protermica.com.br\/home\/servicos\/fabricacao-de-dutos\/\",\"name\":\"Fabrica\\u00e7\\u00e3o de Dutos | Prot\\u00e9rmica\",\"isPartOf\":{\"@id\":\"https:\/\/protermica.com.br\/home\/#website\"},\"primaryImageOfPage\":{\"@id\":\"https:\/\/protermica.com.br\/home\/servicos\/fabricacao-de-dutos\/#primaryimage\"},\"datePublished\":\"2019-05-18T05:15:51+00:00\",\"dateModified\":\"2019-05-18T05:15:51+00:00\",\"breadcrumb\":{\"@id\":\"https:\/\/protermica.com.br\/home\/servicos\/fabricacao-de-dutos\/#breadcrumb\"},\"inLanguage\":\"pt-BR\",\"potentialAction\":[{\"@type\":\"ReadAction\",\"target\":[\"https:\/\/protermica.com.br\/home\/servicos\/fabricacao-de-dutos\/\"]}]},{\"@type\":\"BreadcrumbList\",\"@id\":\"https:\/\/protermica.com.br\/home\/servicos\/fabricacao-de-dutos\/#breadcrumb\",\"itemListElement\":[{\"@type\":\"ListItem\",\"position\":1,\"item\":{\"@type\":\"WebPage\",\"@id\":\"https:\/\/protermica.com.br\/home\/\",\"url\":\"https:\/\/protermica.com.br\/home\/\",\"name\":\"In\\u00edcio\"}},{\"@type\":\"ListItem\",\"position\":2,\"item\":{\"@type\":\"WebPage\",\"@id\":\"https:\/\/protermica.com.br\/home\/servicos\/\",\"url\":\"https:\/\/protermica.com.br\/home\/servicos\/\",\"name\":\"Servi\\u00e7os\"}},{\"@type\":\"ListItem\",\"position\":3,\"item\":{\"@type\":\"WebPage\",\"@id\":\"https:\/\/protermica.com.br\/home\/servicos\/fabricacao-de-dutos\/\",\"url\":\"https:\/\/protermica.com.br\/home\/servicos\/fabricacao-de-dutos\/\",\"name\":\"Fabrica\\u00e7\\u00e3o de Dutos\"}}]}]}<\/script>\n<!-- \/ Yoast SEO plugin. -->","_links":{"self":[{"href":"https:\/\/protermica.com.br\/home\/wp-json\/wp\/v2\/pages\/47"}],"collection":[{"href":"https:\/\/protermica.com.br\/home\/wp-json\/wp\/v2\/pages"}],"about":[{"href":"https:\/\/protermica.com.br\/home\/wp-json\/wp\/v2\/types\/page"}],"author":[{"embeddable":true,"href":"https:\/\/protermica.com.br\/home\/wp-json\/wp\/v2\/users\/1"}],"replies":[{"embeddable":true,"href":"https:\/\/protermica.com.br\/home\/wp-json\/wp\/v2\/comments?post=47"}],"version-history":[{"count":0,"href":"https:\/\/protermica.com.br\/home\/wp-json\/wp\/v2\/pages\/47\/revisions"}],"up":[{"embeddable":true,"href":"https:\/\/protermica.com.br\/home\/wp-json\/wp\/v2\/pages\/34"}],"wp:featuredmedia":[{"embeddable":true,"href":"https:\/\/protermica.com.br\/home\/wp-json\/wp\/v2\/media\/48"}],"wp:attachment":[{"href":"https:\/\/protermica.com.br\/home\/wp-json\/wp\/v2\/media?parent=47"}],"curies":[{"name":"wp","href":"https:\/\/api.w.org\/{rel}","templated":true}]}}